{"id":1051,"date":"2025-09-21T10:09:58","date_gmt":"2025-09-21T10:09:58","guid":{"rendered":"http:\/\/139.59.77.15\/~indomedi\/?page_id=1051"},"modified":"2025-09-24T11:56:52","modified_gmt":"2025-09-24T11:56:52","slug":"remedios-para-resfriado-e-gripe","status":"publish","type":"page","link":"https:\/\/indomedix.com.br\/?page_id=1051","title":{"rendered":"Rem\u00e9dios para Resfriado e Gripe"},"content":{"rendered":"\t\t<div data-elementor-type=\"wp-page\" data-elementor-id=\"1051\" class=\"elementor elementor-1051\" data-elementor-settings=\"{&quot;element_pack_global_tooltip_width&quot;:{&quot;unit&quot;:&quot;px&quot;,&quot;size&quot;:&quot;&quot;,&quot;sizes&quot;:[]},&quot;element_pack_global_tooltip_width_tablet&quot;:{&quot;unit&quot;:&quot;px&quot;,&quot;size&quot;:&quot;&quot;,&quot;sizes&quot;:[]},&quot;element_pack_global_tooltip_width_mobile&quot;:{&quot;unit&quot;:&quot;px&quot;,&quot;size&quot;:&quot;&quot;,&quot;sizes&quot;:[]},&quot;element_pack_global_tooltip_padding&quot;:{&quot;unit&quot;:&quot;px&quot;,&quot;top&quot;:&quot;&quot;,&quot;right&quot;:&quot;&quot;,&quot;bottom&quot;:&quot;&quot;,&quot;left&quot;:&quot;&quot;,&quot;isLinked&quot;:true},&quot;element_pack_global_tooltip_padding_tablet&quot;:{&quot;unit&quot;:&quot;px&quot;,&quot;top&quot;:&quot;&quot;,&quot;right&quot;:&quot;&quot;,&quot;bottom&quot;:&quot;&quot;,&quot;left&quot;:&quot;&quot;,&quot;isLinked&quot;:true},&quot;element_pack_global_tooltip_padding_mobile&quot;:{&quot;unit&quot;:&quot;px&quot;,&quot;top&quot;:&quot;&quot;,&quot;right&quot;:&quot;&quot;,&quot;bottom&quot;:&quot;&quot;,&quot;left&quot;:&quot;&quot;,&quot;isLinked&quot;:true},&quot;element_pack_global_tooltip_border_radius&quot;:{&quot;unit&quot;:&quot;px&quot;,&quot;top&quot;:&quot;&quot;,&quot;right&quot;:&quot;&quot;,&quot;bottom&quot;:&quot;&quot;,&quot;left&quot;:&quot;&quot;,&quot;isLinked&quot;:true},&quot;element_pack_global_tooltip_border_radius_tablet&quot;:{&quot;unit&quot;:&quot;px&quot;,&quot;top&quot;:&quot;&quot;,&quot;right&quot;:&quot;&quot;,&quot;bottom&quot;:&quot;&quot;,&quot;left&quot;:&quot;&quot;,&quot;isLinked&quot;:true},&quot;element_pack_global_tooltip_border_radius_mobile&quot;:{&quot;unit&quot;:&quot;px&quot;,&quot;top&quot;:&quot;&quot;,&quot;right&quot;:&quot;&quot;,&quot;bottom&quot;:&quot;&quot;,&quot;left&quot;:&quot;&quot;,&quot;isLinked&quot;:true}}\" data-elementor-post-type=\"page\">\n\t\t\t\t\t\t<section class=\"elementor-section elementor-top-section elementor-element elementor-element-d506879 elementor-section-boxed elementor-section-height-default elementor-section-height-default\" data-id=\"d506879\" data-element_type=\"section\" data-settings=\"{&quot;background_background&quot;:&quot;classic&quot;,&quot;ekit_has_onepagescroll_dot&quot;:&quot;yes&quot;}\">\n\t\t\t\t\t\t\t<div class=\"elementor-background-overlay\"><\/div>\n\t\t\t\t\t\t\t<div class=\"elementor-container elementor-column-gap-default\">\n\t\t\t\t\t<div class=\"elementor-column elementor-col-100 elementor-top-column elementor-element elementor-element-61ef633\" data-id=\"61ef633\" data-element_type=\"column\">\n\t\t\t<div class=\"elementor-widget-wrap elementor-element-populated\">\n\t\t\t\t\t\t<div class=\"elementor-element elementor-element-694abfb elementor-widget elementor-widget-heading\" data-id=\"694abfb\" data-element_type=\"widget\" data-settings=\"{&quot;ekit_we_effect_on&quot;:&quot;none&quot;}\" data-widget_type=\"heading.default\">\n\t\t\t\t\t<h2 class=\"elementor-heading-title elementor-size-default\">Rem\u00e9dios para Resfriado e Gripe<\/h2>\t\t\t\t<\/div>\n\t\t\t\t\t<\/div>\n\t\t<\/div>\n\t\t\t\t\t<\/div>\n\t\t<\/section>\n\t\t<div class=\"elementor-element elementor-element-a695dd0 e-flex e-con-boxed e-con e-parent\" data-id=\"a695dd0\" data-element_type=\"container\" data-settings=\"{&quot;background_background&quot;:&quot;classic&quot;,&quot;ekit_has_onepagescroll_dot&quot;:&quot;yes&quot;}\">\n\t\t\t\t\t<div class=\"e-con-inner\">\n\t\t<div class=\"elementor-element elementor-element-3619b1b e-con-full e-flex e-con e-child\" data-id=\"3619b1b\" data-element_type=\"container\" data-settings=\"{&quot;ekit_has_onepagescroll_dot&quot;:&quot;yes&quot;}\">\n\t\t\t\t<div class=\"elementor-element elementor-element-ba8a065 elementor-widget elementor-widget-image\" data-id=\"ba8a065\" data-element_type=\"widget\" data-settings=\"{&quot;ekit_we_effect_on&quot;:&quot;none&quot;}\" data-widget_type=\"image.default\">\n\t\t\t\t\t\t\t\t\t\t\t\t\t\t\t<img fetchpriority=\"high\" decoding=\"async\" width=\"580\" height=\"302\" src=\"https:\/\/indomedix.com.br\/wp-content\/uploads\/2025\/09\/medicine-health-pills-1-1024x534.avif\" class=\"attachment-large size-large wp-image-1069\" alt=\"\" srcset=\"https:\/\/indomedix.com.br\/wp-content\/uploads\/2025\/09\/medicine-health-pills-1-1024x534.avif 1024w, https:\/\/indomedix.com.br\/wp-content\/uploads\/2025\/09\/medicine-health-pills-1-300x156.avif 300w, https:\/\/indomedix.com.br\/wp-content\/uploads\/2025\/09\/medicine-health-pills-1-768x400.avif 768w, https:\/\/indomedix.com.br\/wp-content\/uploads\/2025\/09\/medicine-health-pills-1.avif 1119w\" sizes=\"(max-width: 580px) 100vw, 580px\" \/>\t\t\t\t\t\t\t\t\t\t\t\t\t\t\t<\/div>\n\t\t\t\t<\/div>\n\t\t\t\t\t<\/div>\n\t\t\t\t<\/div>\n\t\t<div class=\"elementor-element elementor-element-5ba8a87 e-flex e-con-boxed e-con e-parent\" data-id=\"5ba8a87\" data-element_type=\"container\" data-settings=\"{&quot;background_background&quot;:&quot;classic&quot;,&quot;ekit_has_onepagescroll_dot&quot;:&quot;yes&quot;}\">\n\t\t\t\t\t<div class=\"e-con-inner\">\n\t\t\t\t<div class=\"elementor-element elementor-element-5952f9e elementor-widget elementor-widget-heading\" data-id=\"5952f9e\" data-element_type=\"widget\" data-settings=\"{&quot;ekit_we_effect_on&quot;:&quot;none&quot;}\" data-widget_type=\"heading.default\">\n\t\t\t\t\t<h2 class=\"elementor-heading-title elementor-size-default\">Objetivo: Al\u00edvio de sintomas de resfriado, gripe, tosse e congest\u00e3o nasal.<\/h2>\t\t\t\t<\/div>\n\t\t\t\t<div class=\"elementor-element elementor-element-25a9844 elementor-widget elementor-widget-elementskit-table\" data-id=\"25a9844\" data-element_type=\"widget\" data-settings=\"{&quot;ekit_we_effect_on&quot;:&quot;none&quot;}\" data-widget_type=\"elementskit-table.default\">\n\t\t\t\t<div class=\"elementor-widget-container\">\n\t\t\t\t\t<div class=\"ekit-wid-con\" >\n        <div class=\"ekit_table display  ekit_table_data_type-custom\" data-settings=\"{&quot;fixedHeader&quot;:false,&quot;search&quot;:false,&quot;search_placeholder&quot;:&quot;&quot;,&quot;responsive&quot;:true,&quot;pagination&quot;:false,&quot;button&quot;:false,&quot;entries&quot;:false,&quot;info&quot;:false,&quot;ordering&quot;:false,&quot;searchIcon&quot;:&quot;&quot;,&quot;item_per_page&quot;:10,&quot;nav_style&quot;:&quot;&quot;,&quot;prev_text&quot;:&quot;&quot;,&quot;next_text&quot;:&quot;&quot;,&quot;prev_arrow&quot;:&quot;&quot;,&quot;next_arrow&quot;:&quot;&quot;}\">\n                <table id=\"ekit-table-container-25a9844\" class=\"display dataTable\" style=\"width:100%\"><thead><tr>                            <th class=\"elementor-repeater-item-2b5765d\"><div class=\"ekit_table_item_container  ekit-table-container- \">\n                                Medicamento                            <\/div><\/th>\n                                                   <th class=\"elementor-repeater-item-7b3efba\"><div class=\"ekit_table_item_container  ekit-table-container- \">\n                                Forma  Farmac\u00eautica                            <\/div><\/th>\n                                                   <th class=\"elementor-repeater-item-d7e35ad\"><div class=\"ekit_table_item_container  ekit-table-container- \">\n                                Dosagem \/  Concentra\u00e7\u00e3o                            <\/div><\/th>\n                                                   <th class=\"elementor-repeater-item-c20c938\"><div class=\"ekit_table_item_container  ekit-table-container- \">\n                                Indica\u00e7\u00e3o                            <\/div><\/th>\n                        <\/tr><\/thead><tbody><tr>                            <td data-order=\"Cetirizina\" class=\"elementor-repeater-item-744047d ekit_table_data_\">\n                                \n                                    <div class=\"ekit_table_body_container ekit_table_data_ ekit_body_align_center\">\n                                        <p><span style=\"font-weight: 400\">Cetirizina<\/span><\/p>                                    <\/div>\n\n                                                            <\/td>\n                                                    <td data-order=\"Comprimido, Xarope\" class=\"elementor-repeater-item-0afc5e1 ekit_table_data_\">\n                                \n                                    <div class=\"ekit_table_body_container ekit_table_data_ ekit_body_align_center\">\n                                        <p><span style=\"font-weight: 400\">Comprimido, <\/span><span style=\"font-weight: 400\">Xarope<\/span><\/p>                                    <\/div>\n\n                                                            <\/td>\n                                                    <td data-order=\"10 mg, 5 mg\/5m\" class=\"elementor-repeater-item-bd99998 ekit_table_data_\">\n                                \n                                    <div class=\"ekit_table_body_container ekit_table_data_ ekit_body_align_center\">\n                                        <p><span style=\"font-weight: 400\">10 mg, 5 mg\/5m<\/span><\/p>                                    <\/div>\n\n                                                            <\/td>\n                                                    <td data-order=\"Alergias, espirros, coriza\" class=\"elementor-repeater-item-9f27251 ekit_table_data_\">\n                                \n                                    <div class=\"ekit_table_body_container ekit_table_data_ ekit_body_align_center\">\n                                        <p><span style=\"font-weight: 400\">Alergias, <\/span><span style=\"font-weight: 400\">espirros, coriza<\/span><\/p>                                    <\/div>\n\n                                                            <\/td>\n                        <tr>                            <td data-order=\"Difenidramina\" class=\"elementor-repeater-item-f815549 ekit_table_data_\">\n                                \n                                    <div class=\"ekit_table_body_container ekit_table_data_ ekit_body_align_center\">\n                                        <p><span style=\"font-weight: 400\">Difenidramina<\/span><\/p>                                    <\/div>\n\n                                                            <\/td>\n                                                    <td data-order=\"C\u00e1psula, Xarope\" class=\"elementor-repeater-item-23db0ac ekit_table_data_\">\n                                \n                                    <div class=\"ekit_table_body_container ekit_table_data_ ekit_body_align_center\">\n                                        <p><span style=\"font-weight: 400\">C\u00e1psula, Xarope<\/span><\/p>                                    <\/div>\n\n                                                            <\/td>\n                                                    <td data-order=\"25 mg, 12,5 mg\/ 5ml\" class=\"elementor-repeater-item-c72c903 ekit_table_data_\">\n                                \n                                    <div class=\"ekit_table_body_container ekit_table_data_ ekit_body_align_center\">\n                                        <p><span style=\"font-weight: 400\">25 mg, 12,5 mg\/ 5ml<\/span><\/p>                                    <\/div>\n\n                                                            <\/td>\n                                                    <td data-order=\"Alergias, sintomas de resfriado\" class=\"elementor-repeater-item-ff2bde6 ekit_table_data_\">\n                                \n                                    <div class=\"ekit_table_body_container ekit_table_data_ ekit_body_align_center\">\n                                        <p><span style=\"font-weight: 400\">Alergias, <\/span><span style=\"font-weight: 400\">sintomas de resfriado<\/span><\/p>                                    <\/div>\n\n                                                            <\/td>\n                        <tr>                            <td data-order=\"Pseudoefedrina\" class=\"elementor-repeater-item-31dc177 ekit_table_data_\">\n                                \n                                    <div class=\"ekit_table_body_container ekit_table_data_ ekit_body_align_center\">\n                                        <p><span style=\"font-weight: 400\">Pseudoefedrina<\/span><\/p>                                    <\/div>\n\n                                                            <\/td>\n                                                    <td data-order=\"Comprimido\" class=\"elementor-repeater-item-c04c92a ekit_table_data_\">\n                                \n                                    <div class=\"ekit_table_body_container ekit_table_data_ ekit_body_align_center\">\n                                        <p><span style=\"font-weight: 400\">Comprimido<\/span><\/p>                                    <\/div>\n\n                                                            <\/td>\n                                                    <td data-order=\"30 mg, G0 mg\" class=\"elementor-repeater-item-8dff1ef ekit_table_data_\">\n                                \n                                    <div class=\"ekit_table_body_container ekit_table_data_ ekit_body_align_center\">\n                                        <p><span style=\"font-weight: 400\">30 mg, G0 mg<\/span><\/p>                                    <\/div>\n\n                                                            <\/td>\n                                                    <td data-order=\"Congest\u00e3onasal, sinusite\" class=\"elementor-repeater-item-e9b11c8 ekit_table_data_\">\n                                \n                                    <div class=\"ekit_table_body_container ekit_table_data_ ekit_body_align_center\">\n                                        <p><span style=\"font-weight: 400\">Congest\u00e3o<\/span><span style=\"font-weight: 400\">nasal, sinusite<\/span><\/p>                                    <\/div>\n\n                                                            <\/td>\n                        <tr>                            <td data-order=\"Solu\u00e7\u00e3o Salina Nasal\" class=\"elementor-repeater-item-6b20a22 ekit_table_data_\">\n                                \n                                    <div class=\"ekit_table_body_container ekit_table_data_ ekit_body_align_center\">\n                                        <p><span style=\"font-weight: 400\">Solu\u00e7\u00e3o Salina Nasal<\/span><\/p>                                    <\/div>\n\n                                                            <\/td>\n                                                    <td data-order=\"Spray\" class=\"elementor-repeater-item-e6a966d ekit_table_data_\">\n                                \n                                    <div class=\"ekit_table_body_container ekit_table_data_ ekit_body_align_center\">\n                                        <p><span style=\"font-weight: 400\">Spray<\/span><\/p>                                    <\/div>\n\n                                                            <\/td>\n                                                    <td data-order=\"0,U% solu\u00e7\u00e3o\" class=\"elementor-repeater-item-771dadf ekit_table_data_\">\n                                \n                                    <div class=\"ekit_table_body_container ekit_table_data_ ekit_body_align_center\">\n                                        <p><span style=\"font-weight: 400\">0,U% solu\u00e7\u00e3o<\/span><\/p>                                    <\/div>\n\n                                                            <\/td>\n                                                    <td data-order=\"Higiene nasal, al\u00edvio de congest\u00e3o\" class=\"elementor-repeater-item-fa1dc0d ekit_table_data_\">\n                                \n                                    <div class=\"ekit_table_body_container ekit_table_data_ ekit_body_align_center\">\n                                        <p><span style=\"font-weight: 400\">Higiene nasal, <\/span><span style=\"font-weight: 400\">al\u00edvio de congest\u00e3o<\/span><\/p>                                    <\/div>\n\n                                                            <\/td>\n                        <tr>                            <td data-order=\"Xarope para Tosse (Dextrometor-fano)\" class=\"elementor-repeater-item-b7de987 ekit_table_data_\">\n                                \n                                    <div class=\"ekit_table_body_container ekit_table_data_ ekit_body_align_center\">\n                                        <p><span style=\"font-weight: 400\">Xarope para Tosse (Dextrometor-<\/span><span style=\"font-weight: 400\">fano)<\/span><\/p>                                    <\/div>\n\n                                                            <\/td>\n                                                    <td data-order=\"1SX0uarpmorpegse\/5sm\u00e3ol da tosse seca\" class=\"elementor-repeater-item-412f061 ekit_table_data_\">\n                                \n                                    <div class=\"ekit_table_body_container ekit_table_data_ ekit_body_align_center\">\n                                        <p><span style=\"font-weight: 400\">1SX0uarpmorpegse\/5sm\u00e3ol da tosse seca<\/span><\/p>                                    <\/div>\n\n                                                            <\/td>\n                                                    <td data-order=\"-\" class=\"elementor-repeater-item-418dcf6 ekit_table_data_\">\n                                \n                                    <div class=\"ekit_table_body_container ekit_table_data_ ekit_body_align_center\">\n                                        <p><span style=\"font-weight: 400\">-<\/span><\/p>                                    <\/div>\n\n                                                            <\/td>\n                                                    <td data-order=\"-\" class=\"elementor-repeater-item-a71aef4 ekit_table_data_\">\n                                \n                                    <div class=\"ekit_table_body_container ekit_table_data_ ekit_body_align_center\">\n                                        <p>-<\/p>                                    <\/div>\n\n                                                            <\/td>\n                         <\/tbody><\/table>        <\/div>\n\n\n\n    <\/div>\t\t\t\t<\/div>\n\t\t\t\t<\/div>\n\t\t\t\t<div class=\"elementor-element elementor-element-3042429 elementor-widget elementor-widget-heading\" data-id=\"3042429\" data-element_type=\"widget\" data-settings=\"{&quot;ekit_we_effect_on&quot;:&quot;none&quot;}\" data-widget_type=\"heading.default\">\n\t\t\t\t\t<h2 class=\"elementor-heading-title elementor-size-default\">Destaques: Al\u00edvio sintom\u00e1tico r\u00e1pido, ajuda na manuten\u00e7\u00e3o das atividades di\u00e1rias, seguro para adultos e crian\u00e7as com dosagem apropriada.<\/h2>\t\t\t\t<\/div>\n\t\t\t\t\t<\/div>\n\t\t\t\t<\/div>\n\t\t\t\t<\/div>\n\t\t\n    <div class=\"xs_social_share_widget xs_share_url after_content \t\tmain_content  wslu-style-1 wslu-share-box-shaped wslu-fill-colored wslu-none wslu-share-horizontal wslu-theme-font-no wslu-main_content\">\n\n\t\t\n        <ul>\n\t\t\t        <\/ul>\n    <\/div> \n","protected":false},"excerpt":{"rendered":"<p>Rem\u00e9dios para Resfriado e Gripe Objetivo: Al\u00edvio de sintomas de resfriado, gripe, tosse e congest\u00e3o nasal. Medicamento Forma Farmac\u00eautica Dosagem \/ Concentra\u00e7\u00e3o Indica\u00e7\u00e3o Cetirizina Comprimido, Xarope 10 mg, 5 mg\/5m Alergias, espirros, coriza Difenidramina C\u00e1psula, Xarope 25 mg, 12,5 mg\/ 5ml Alergias, sintomas de resfriado Pseudoefedrina Comprimido 30 mg, G0 mg Congest\u00e3onasal, sinusite Solu\u00e7\u00e3o Salina [&hellip;]<\/p>\n","protected":false},"author":1,"featured_media":0,"parent":0,"menu_order":0,"comment_status":"closed","ping_status":"closed","template":"elementor_header_footer","meta":{"postBodyCss":"","postBodyMargin":[],"postBodyPadding":[],"postBodyBackground":{"backgroundType":"classic","gradient":""},"footnotes":""},"class_list":["post-1051","page","type-page","status-publish","hentry"],"_links":{"self":[{"href":"https:\/\/indomedix.com.br\/index.php?rest_route=\/wp\/v2\/pages\/1051","targetHints":{"allow":["GET"]}}],"collection":[{"href":"https:\/\/indomedix.com.br\/index.php?rest_route=\/wp\/v2\/pages"}],"about":[{"href":"https:\/\/indomedix.com.br\/index.php?rest_route=\/wp\/v2\/types\/page"}],"author":[{"embeddable":true,"href":"https:\/\/indomedix.com.br\/index.php?rest_route=\/wp\/v2\/users\/1"}],"replies":[{"embeddable":true,"href":"https:\/\/indomedix.com.br\/index.php?rest_route=%2Fwp%2Fv2%2Fcomments&post=1051"}],"version-history":[{"count":13,"href":"https:\/\/indomedix.com.br\/index.php?rest_route=\/wp\/v2\/pages\/1051\/revisions"}],"predecessor-version":[{"id":1284,"href":"https:\/\/indomedix.com.br\/index.php?rest_route=\/wp\/v2\/pages\/1051\/revisions\/1284"}],"wp:attachment":[{"href":"https:\/\/indomedix.com.br\/index.php?rest_route=%2Fwp%2Fv2%2Fmedia&parent=1051"}],"curies":[{"name":"wp","href":"https:\/\/api.w.org\/{rel}","templated":true}]}}