{"id":382,"date":"2025-09-16T19:13:24","date_gmt":"2025-09-16T19:13:24","guid":{"rendered":"http:\/\/139.59.77.15\/~indomedi\/?page_id=382"},"modified":"2025-09-19T11:38:24","modified_gmt":"2025-09-19T11:38:24","slug":"ent","status":"publish","type":"page","link":"https:\/\/indomedix.com.br\/?page_id=382","title":{"rendered":"ENT"},"content":{"rendered":"\t\t<div data-elementor-type=\"wp-page\" data-elementor-id=\"382\" class=\"elementor elementor-382\" data-elementor-settings=\"{&quot;element_pack_global_tooltip_width&quot;:{&quot;unit&quot;:&quot;px&quot;,&quot;size&quot;:&quot;&quot;,&quot;sizes&quot;:[]},&quot;element_pack_global_tooltip_width_tablet&quot;:{&quot;unit&quot;:&quot;px&quot;,&quot;size&quot;:&quot;&quot;,&quot;sizes&quot;:[]},&quot;element_pack_global_tooltip_width_mobile&quot;:{&quot;unit&quot;:&quot;px&quot;,&quot;size&quot;:&quot;&quot;,&quot;sizes&quot;:[]},&quot;element_pack_global_tooltip_padding&quot;:{&quot;unit&quot;:&quot;px&quot;,&quot;top&quot;:&quot;&quot;,&quot;right&quot;:&quot;&quot;,&quot;bottom&quot;:&quot;&quot;,&quot;left&quot;:&quot;&quot;,&quot;isLinked&quot;:true},&quot;element_pack_global_tooltip_padding_tablet&quot;:{&quot;unit&quot;:&quot;px&quot;,&quot;top&quot;:&quot;&quot;,&quot;right&quot;:&quot;&quot;,&quot;bottom&quot;:&quot;&quot;,&quot;left&quot;:&quot;&quot;,&quot;isLinked&quot;:true},&quot;element_pack_global_tooltip_padding_mobile&quot;:{&quot;unit&quot;:&quot;px&quot;,&quot;top&quot;:&quot;&quot;,&quot;right&quot;:&quot;&quot;,&quot;bottom&quot;:&quot;&quot;,&quot;left&quot;:&quot;&quot;,&quot;isLinked&quot;:true},&quot;element_pack_global_tooltip_border_radius&quot;:{&quot;unit&quot;:&quot;px&quot;,&quot;top&quot;:&quot;&quot;,&quot;right&quot;:&quot;&quot;,&quot;bottom&quot;:&quot;&quot;,&quot;left&quot;:&quot;&quot;,&quot;isLinked&quot;:true},&quot;element_pack_global_tooltip_border_radius_tablet&quot;:{&quot;unit&quot;:&quot;px&quot;,&quot;top&quot;:&quot;&quot;,&quot;right&quot;:&quot;&quot;,&quot;bottom&quot;:&quot;&quot;,&quot;left&quot;:&quot;&quot;,&quot;isLinked&quot;:true},&quot;element_pack_global_tooltip_border_radius_mobile&quot;:{&quot;unit&quot;:&quot;px&quot;,&quot;top&quot;:&quot;&quot;,&quot;right&quot;:&quot;&quot;,&quot;bottom&quot;:&quot;&quot;,&quot;left&quot;:&quot;&quot;,&quot;isLinked&quot;:true}}\" data-elementor-post-type=\"page\">\n\t\t\t\t\t\t<section class=\"elementor-section elementor-top-section elementor-element elementor-element-22841ac elementor-section-boxed elementor-section-height-default elementor-section-height-default\" data-id=\"22841ac\" data-element_type=\"section\" data-settings=\"{&quot;ekit_has_onepagescroll_dot&quot;:&quot;yes&quot;}\">\n\t\t\t\t\t\t\t<div class=\"elementor-background-overlay\"><\/div>\n\t\t\t\t\t\t\t<div class=\"elementor-container elementor-column-gap-default\">\n\t\t\t\t\t<div class=\"elementor-column elementor-col-100 elementor-top-column elementor-element elementor-element-d9e3d51\" data-id=\"d9e3d51\" data-element_type=\"column\">\n\t\t\t<div class=\"elementor-widget-wrap elementor-element-populated\">\n\t\t\t\t\t\t<div class=\"elementor-element elementor-element-df44ce4 elementor-widget elementor-widget-heading\" data-id=\"df44ce4\" data-element_type=\"widget\" data-settings=\"{&quot;ekit_we_effect_on&quot;:&quot;none&quot;}\" data-widget_type=\"heading.default\">\n\t\t\t\t\t<h2 class=\"elementor-heading-title elementor-size-default\">Otorrinolaringologia (ENT)<\/h2>\t\t\t\t<\/div>\n\t\t\t\t\t<\/div>\n\t\t<\/div>\n\t\t\t\t\t<\/div>\n\t\t<\/section>\n\t\t<div class=\"elementor-element elementor-element-c3ef86f e-flex e-con-boxed e-con e-parent\" data-id=\"c3ef86f\" data-element_type=\"container\" data-settings=\"{&quot;background_background&quot;:&quot;classic&quot;,&quot;ekit_has_onepagescroll_dot&quot;:&quot;yes&quot;}\">\n\t\t\t\t\t<div class=\"e-con-inner\">\n\t\t<div class=\"elementor-element elementor-element-1973a72 e-con-full e-flex e-con e-child\" data-id=\"1973a72\" data-element_type=\"container\" data-settings=\"{&quot;ekit_has_onepagescroll_dot&quot;:&quot;yes&quot;}\">\n\t\t\t\t<div class=\"elementor-element elementor-element-f920773 elementor-widget elementor-widget-gallery\" data-id=\"f920773\" data-element_type=\"widget\" data-settings=\"{&quot;gallery_layout&quot;:&quot;justified&quot;,&quot;ideal_row_height&quot;:{&quot;unit&quot;:&quot;px&quot;,&quot;size&quot;:160,&quot;sizes&quot;:[]},&quot;lazyload&quot;:&quot;yes&quot;,&quot;ideal_row_height_tablet&quot;:{&quot;unit&quot;:&quot;px&quot;,&quot;size&quot;:150,&quot;sizes&quot;:[]},&quot;ideal_row_height_mobile&quot;:{&quot;unit&quot;:&quot;px&quot;,&quot;size&quot;:150,&quot;sizes&quot;:[]},&quot;gap&quot;:{&quot;unit&quot;:&quot;px&quot;,&quot;size&quot;:10,&quot;sizes&quot;:[]},&quot;gap_tablet&quot;:{&quot;unit&quot;:&quot;px&quot;,&quot;size&quot;:10,&quot;sizes&quot;:[]},&quot;gap_mobile&quot;:{&quot;unit&quot;:&quot;px&quot;,&quot;size&quot;:10,&quot;sizes&quot;:[]},&quot;link_to&quot;:&quot;file&quot;,&quot;content_hover_animation&quot;:&quot;fade-in&quot;,&quot;ekit_we_effect_on&quot;:&quot;none&quot;}\" data-widget_type=\"gallery.default\">\n\t\t\t\t\t\t\t<div class=\"elementor-gallery__container\">\n\t\t\t\t\t\t\t<a class=\"e-gallery-item elementor-gallery-item elementor-animated-content\" href=\"https:\/\/indomedix.com.br\/wp-content\/uploads\/2025\/09\/Best-ENT-in-Los-Angeles.jpeg\" data-elementor-open-lightbox=\"yes\" data-elementor-lightbox-slideshow=\"f920773\" data-elementor-lightbox-title=\"Endocrinologist examining throat of young woman in clinic. Women with thyroid gland test . Endocrinology, hormones and treatment. Inflammation of the sore throat\" data-e-action-hash=\"#elementor-action%3Aaction%3Dlightbox%26settings%3DeyJpZCI6ODU5LCJ1cmwiOiJodHRwczpcL1wvaW5kb21lZGl4LmNvbS5iclwvd3AtY29udGVudFwvdXBsb2Fkc1wvMjAyNVwvMDlcL0Jlc3QtRU5ULWluLUxvcy1BbmdlbGVzLmpwZWciLCJzbGlkZXNob3ciOiJmOTIwNzczIn0%3D\">\n\t\t\t\t\t<div class=\"e-gallery-image elementor-gallery-item__image\" data-thumbnail=\"https:\/\/indomedix.com.br\/wp-content\/uploads\/2025\/09\/Best-ENT-in-Los-Angeles.jpeg\" data-width=\"724\" data-height=\"483\" aria-label=\"\" role=\"img\" ><\/div>\n\t\t\t\t\t\t\t\t\t\t\t\t\t\t<\/a>\n\t\t\t\t\t\t\t<a class=\"e-gallery-item elementor-gallery-item elementor-animated-content\" href=\"https:\/\/indomedix.com.br\/wp-content\/uploads\/2025\/09\/iStock-1072406518-1024x683-1.jpg\" data-elementor-open-lightbox=\"yes\" data-elementor-lightbox-slideshow=\"f920773\" data-elementor-lightbox-title=\"iStock-1072406518-1024x683\" data-e-action-hash=\"#elementor-action%3Aaction%3Dlightbox%26settings%3DeyJpZCI6ODYzLCJ1cmwiOiJodHRwczpcL1wvaW5kb21lZGl4LmNvbS5iclwvd3AtY29udGVudFwvdXBsb2Fkc1wvMjAyNVwvMDlcL2lTdG9jay0xMDcyNDA2NTE4LTEwMjR4NjgzLTEuanBnIiwic2xpZGVzaG93IjoiZjkyMDc3MyJ9\">\n\t\t\t\t\t<div class=\"e-gallery-image elementor-gallery-item__image\" data-thumbnail=\"https:\/\/indomedix.com.br\/wp-content\/uploads\/2025\/09\/iStock-1072406518-1024x683-1.jpg\" data-width=\"1024\" data-height=\"683\" aria-label=\"\" role=\"img\" ><\/div>\n\t\t\t\t\t\t\t\t\t\t\t\t\t\t<\/a>\n\t\t\t\t\t\t\t<a class=\"e-gallery-item elementor-gallery-item elementor-animated-content\" href=\"https:\/\/indomedix.com.br\/wp-content\/uploads\/2025\/09\/Nose.webp\" data-elementor-open-lightbox=\"yes\" data-elementor-lightbox-slideshow=\"f920773\" data-elementor-lightbox-title=\"Nose\" data-e-action-hash=\"#elementor-action%3Aaction%3Dlightbox%26settings%3DeyJpZCI6ODYwLCJ1cmwiOiJodHRwczpcL1wvaW5kb21lZGl4LmNvbS5iclwvd3AtY29udGVudFwvdXBsb2Fkc1wvMjAyNVwvMDlcL05vc2Uud2VicCIsInNsaWRlc2hvdyI6ImY5MjA3NzMifQ%3D%3D\">\n\t\t\t\t\t<div class=\"e-gallery-image elementor-gallery-item__image\" data-thumbnail=\"https:\/\/indomedix.com.br\/wp-content\/uploads\/2025\/09\/Nose.webp\" data-width=\"800\" data-height=\"600\" aria-label=\"\" role=\"img\" ><\/div>\n\t\t\t\t\t\t\t\t\t\t\t\t\t\t<\/a>\n\t\t\t\t\t\t\t<a class=\"e-gallery-item elementor-gallery-item elementor-animated-content\" href=\"https:\/\/indomedix.com.br\/wp-content\/uploads\/2025\/09\/1800ss_getty_rf_doctor_examining_nose.webp\" data-elementor-open-lightbox=\"yes\" data-elementor-lightbox-slideshow=\"f920773\" data-elementor-lightbox-title=\"1800ss_getty_rf_doctor_examining_nose\" data-e-action-hash=\"#elementor-action%3Aaction%3Dlightbox%26settings%3DeyJpZCI6ODY0LCJ1cmwiOiJodHRwczpcL1wvaW5kb21lZGl4LmNvbS5iclwvd3AtY29udGVudFwvdXBsb2Fkc1wvMjAyNVwvMDlcLzE4MDBzc19nZXR0eV9yZl9kb2N0b3JfZXhhbWluaW5nX25vc2Uud2VicCIsInNsaWRlc2hvdyI6ImY5MjA3NzMifQ%3D%3D\">\n\t\t\t\t\t<div class=\"e-gallery-image elementor-gallery-item__image\" data-thumbnail=\"https:\/\/indomedix.com.br\/wp-content\/uploads\/2025\/09\/1800ss_getty_rf_doctor_examining_nose.webp\" data-width=\"750\" data-height=\"500\" aria-label=\"\" role=\"img\" ><\/div>\n\t\t\t\t\t\t\t\t\t\t\t\t\t\t<\/a>\n\t\t\t\t\t\t\t<a class=\"e-gallery-item elementor-gallery-item elementor-animated-content\" href=\"https:\/\/indomedix.com.br\/wp-content\/uploads\/2025\/09\/image-1725347380004-426339157-ENT.jpg\" data-elementor-open-lightbox=\"yes\" data-elementor-lightbox-slideshow=\"f920773\" data-elementor-lightbox-title=\"image-1725347380004-426339157-ENT\" data-e-action-hash=\"#elementor-action%3Aaction%3Dlightbox%26settings%3DeyJpZCI6ODYxLCJ1cmwiOiJodHRwczpcL1wvaW5kb21lZGl4LmNvbS5iclwvd3AtY29udGVudFwvdXBsb2Fkc1wvMjAyNVwvMDlcL2ltYWdlLTE3MjUzNDczODAwMDQtNDI2MzM5MTU3LUVOVC5qcGciLCJzbGlkZXNob3ciOiJmOTIwNzczIn0%3D\">\n\t\t\t\t\t<div class=\"e-gallery-image elementor-gallery-item__image\" data-thumbnail=\"https:\/\/indomedix.com.br\/wp-content\/uploads\/2025\/09\/image-1725347380004-426339157-ENT.jpg\" data-width=\"1200\" data-height=\"630\" aria-label=\"\" role=\"img\" ><\/div>\n\t\t\t\t\t\t\t\t\t\t\t\t\t\t<\/a>\n\t\t\t\t\t\t\t<a class=\"e-gallery-item elementor-gallery-item elementor-animated-content\" href=\"https:\/\/indomedix.com.br\/wp-content\/uploads\/2025\/09\/ent-signs3.png\" data-elementor-open-lightbox=\"yes\" data-elementor-lightbox-slideshow=\"f920773\" data-elementor-lightbox-title=\"ent-signs3\" data-e-action-hash=\"#elementor-action%3Aaction%3Dlightbox%26settings%3DeyJpZCI6ODYyLCJ1cmwiOiJodHRwczpcL1wvaW5kb21lZGl4LmNvbS5iclwvd3AtY29udGVudFwvdXBsb2Fkc1wvMjAyNVwvMDlcL2VudC1zaWduczMucG5nIiwic2xpZGVzaG93IjoiZjkyMDc3MyJ9\">\n\t\t\t\t\t<div class=\"e-gallery-image elementor-gallery-item__image\" data-thumbnail=\"https:\/\/indomedix.com.br\/wp-content\/uploads\/2025\/09\/ent-signs3.png\" data-width=\"512\" data-height=\"268\" aria-label=\"\" role=\"img\" ><\/div>\n\t\t\t\t\t\t\t\t\t\t\t\t\t\t<\/a>\n\t\t\t\t\t<\/div>\n\t\t\t\t\t<\/div>\n\t\t\t\t<\/div>\n\t\t<div class=\"elementor-element elementor-element-1da1da6 e-con-full e-flex e-con e-child\" data-id=\"1da1da6\" data-element_type=\"container\" data-settings=\"{&quot;ekit_has_onepagescroll_dot&quot;:&quot;yes&quot;}\">\n\t\t\t\t<div class=\"elementor-element elementor-element-3e71b02 elementor-widget elementor-widget-text-editor\" data-id=\"3e71b02\" data-element_type=\"widget\" data-settings=\"{&quot;ekit_we_effect_on&quot;:&quot;none&quot;}\" data-widget_type=\"text-editor.default\">\n\t\t\t\t\t\t\t\t\t<p>O INDOMEDIX \u00e9 um farol de excel\u00eancia em emerg\u00eancia e cuidados com traumas, oferecendo expertise m\u00e9dica incompar\u00e1vel e aten\u00e7\u00e3o humanizada a cada paciente que entra por suas portas. Com instala\u00e7\u00f5es de \u00faltima gera\u00e7\u00e3o, uma equipe dedicada de profissionais de sa\u00fade experientes e tecnologia de ponta, o INDOMEDIX est\u00e1 comprometido em fornecer interven\u00e7\u00f5es r\u00e1pidas e eficazes em situa\u00e7\u00f5es cr\u00edticas. Seja em casos de les\u00f5es com risco de vida ou em emerg\u00eancias m\u00e9dicas, o INDOMEDIX prioriza a resposta imediata, o diagn\u00f3stico preciso e o cuidado personalizado para garantir os melhores resultados poss\u00edveis para cada indiv\u00edduo em necessidade.<\/p>\t\t\t\t\t\t\t\t<\/div>\n\t\t\t\t<\/div>\n\t\t\t\t\t<\/div>\n\t\t\t\t<\/div>\n\t\t<div class=\"elementor-element elementor-element-bee819d e-flex e-con-boxed e-con e-parent\" data-id=\"bee819d\" data-element_type=\"container\" data-settings=\"{&quot;background_background&quot;:&quot;classic&quot;,&quot;ekit_has_onepagescroll_dot&quot;:&quot;yes&quot;}\">\n\t\t\t\t\t<div class=\"e-con-inner\">\n\t\t\t\t<div class=\"elementor-element elementor-element-c880e82 elementor-widget elementor-widget-text-editor\" data-id=\"c880e82\" data-element_type=\"widget\" data-settings=\"{&quot;ekit_we_effect_on&quot;:&quot;none&quot;}\" data-widget_type=\"text-editor.default\">\n\t\t\t\t\t\t\t\t\t<p data-start=\"0\" data-end=\"107\">Aqui est\u00e1 uma lista dos principais tratamentos e servi\u00e7os em Otorrinolaringologia (ENT) em portugu\u00eas:<\/p><ul data-start=\"109\" data-end=\"1179\"><li data-start=\"109\" data-end=\"172\"><p data-start=\"111\" data-end=\"172\">Diagn\u00f3stico e tratamento de infec\u00e7\u00f5es do ouvido (otite)<\/p><\/li><li data-start=\"173\" data-end=\"225\"><p data-start=\"175\" data-end=\"225\">Tratamento de perda auditiva e surdez s\u00fabita<\/p><\/li><li data-start=\"226\" data-end=\"275\"><p data-start=\"228\" data-end=\"275\">Exames e adapta\u00e7\u00e3o de aparelhos auditivos<\/p><\/li><li data-start=\"276\" data-end=\"333\"><p data-start=\"278\" data-end=\"333\">Cirurgias do ouvido (t\u00edmpano, oss\u00edculos e c\u00f3clea)<\/p><\/li><li data-start=\"334\" data-end=\"400\"><p data-start=\"336\" data-end=\"400\">Tratamento de vertigem, zumbido e dist\u00farbios do equil\u00edbrio<\/p><\/li><li data-start=\"401\" data-end=\"474\"><p data-start=\"403\" data-end=\"474\">Cirurgia de am\u00edgdalas e adenoides (amigdalectomia\/adenoidectomia)<\/p><\/li><li data-start=\"475\" data-end=\"527\"><p data-start=\"477\" data-end=\"527\">Tratamento de faringite e laringite cr\u00f4nicas<\/p><\/li><li data-start=\"528\" data-end=\"577\"><p data-start=\"530\" data-end=\"577\">Tratamento de dist\u00farbios da voz e da fala<\/p><\/li><li data-start=\"578\" data-end=\"612\"><p data-start=\"580\" data-end=\"612\">Cirurgia das cordas vocais<\/p><\/li><li data-start=\"613\" data-end=\"652\"><p data-start=\"615\" data-end=\"652\">Tratamento de rinite e sinusite<\/p><\/li><li data-start=\"653\" data-end=\"702\"><p data-start=\"655\" data-end=\"702\">Cirurgia endosc\u00f3pica dos seios paranasais<\/p><\/li><li data-start=\"703\" data-end=\"759\"><p data-start=\"705\" data-end=\"759\">Corre\u00e7\u00e3o de desvio de septo nasal (septoplastia)<\/p><\/li><li data-start=\"760\" data-end=\"796\"><p data-start=\"762\" data-end=\"796\">Cirurgia para p\u00f3lipos nasais<\/p><\/li><li data-start=\"797\" data-end=\"841\"><p data-start=\"799\" data-end=\"841\">Tratamento de apneia do sono e ronco<\/p><\/li><li data-start=\"842\" data-end=\"886\"><p data-start=\"844\" data-end=\"886\">Tratamento de alergias respirat\u00f3rias<\/p><\/li><li data-start=\"887\" data-end=\"956\"><p data-start=\"889\" data-end=\"956\">Tratamento de tumores benignos e malignos de cabe\u00e7a e pesco\u00e7o<\/p><\/li><li data-start=\"957\" data-end=\"1007\"><p data-start=\"959\" data-end=\"1007\">Cirurgia de gl\u00e2ndulas salivares e tireoide<\/p><\/li><li data-start=\"1008\" data-end=\"1056\"><p data-start=\"1010\" data-end=\"1056\">Atendimento a traumas faciais e fraturas<\/p><\/li><li data-start=\"1057\" data-end=\"1102\"><p data-start=\"1059\" data-end=\"1102\">Tratamento de problemas de degluti\u00e7\u00e3o<\/p><\/li><\/ul>\t\t\t\t\t\t\t\t<\/div>\n\t\t\t\t\t<\/div>\n\t\t\t\t<\/div>\n\t\t\t\t<\/div>\n\t\t\n    <div class=\"xs_social_share_widget xs_share_url after_content \t\tmain_content  wslu-style-1 wslu-share-box-shaped wslu-fill-colored wslu-none wslu-share-horizontal wslu-theme-font-no wslu-main_content\">\n\n\t\t\n        <ul>\n\t\t\t        <\/ul>\n    <\/div> \n","protected":false},"excerpt":{"rendered":"<p>Otorrinolaringologia (ENT) O INDOMEDIX \u00e9 um farol de excel\u00eancia em emerg\u00eancia e cuidados com traumas, oferecendo expertise m\u00e9dica incompar\u00e1vel e aten\u00e7\u00e3o humanizada a cada paciente que entra por suas portas. Com instala\u00e7\u00f5es de \u00faltima gera\u00e7\u00e3o, uma equipe dedicada de profissionais de sa\u00fade experientes e tecnologia de ponta, o INDOMEDIX est\u00e1 comprometido em fornecer interven\u00e7\u00f5es r\u00e1pidas [&hellip;]<\/p>\n","protected":false},"author":1,"featured_media":0,"parent":0,"menu_order":0,"comment_status":"closed","ping_status":"closed","template":"elementor_header_footer","meta":{"postBodyCss":"","postBodyMargin":[],"postBodyPadding":[],"postBodyBackground":{"backgroundType":"classic","gradient":""},"footnotes":""},"class_list":["post-382","page","type-page","status-publish","hentry"],"_links":{"self":[{"href":"https:\/\/indomedix.com.br\/index.php?rest_route=\/wp\/v2\/pages\/382","targetHints":{"allow":["GET"]}}],"collection":[{"href":"https:\/\/indomedix.com.br\/index.php?rest_route=\/wp\/v2\/pages"}],"about":[{"href":"https:\/\/indomedix.com.br\/index.php?rest_route=\/wp\/v2\/types\/page"}],"author":[{"embeddable":true,"href":"https:\/\/indomedix.com.br\/index.php?rest_route=\/wp\/v2\/users\/1"}],"replies":[{"embeddable":true,"href":"https:\/\/indomedix.com.br\/index.php?rest_route=%2Fwp%2Fv2%2Fcomments&post=382"}],"version-history":[{"count":22,"href":"https:\/\/indomedix.com.br\/index.php?rest_route=\/wp\/v2\/pages\/382\/revisions"}],"predecessor-version":[{"id":871,"href":"https:\/\/indomedix.com.br\/index.php?rest_route=\/wp\/v2\/pages\/382\/revisions\/871"}],"wp:attachment":[{"href":"https:\/\/indomedix.com.br\/index.php?rest_route=%2Fwp%2Fv2%2Fmedia&parent=382"}],"curies":[{"name":"wp","href":"https:\/\/api.w.org\/{rel}","templated":true}]}}